{"id":336,"date":"2025-04-16T09:38:46","date_gmt":"2025-04-16T07:38:46","guid":{"rendered":"https:\/\/www.narlatconsulting.com\/?page_id=336"},"modified":"2025-10-09T11:49:01","modified_gmt":"2025-10-09T09:49:01","slug":"contact","status":"publish","type":"page","link":"https:\/\/www.narlatconsulting.com\/index.php\/contact\/","title":{"rendered":"Contact"},"content":{"rendered":"\n<section style=\"background-color:#f9f9f9;padding:60px 20px;font-family:'Segoe UI', 'Helvetica Neue', sans-serif;color:#2c2c2c;\">\n  <div style=\"max-width:1100px;margin:auto;\">\n    <h1 style=\"font-size:36px;font-weight:700;color:#b30000;margin-bottom:40px;text-align:center;\">\n      Contactez-nous\n    <\/h1>\n\n    <div style=\"display:flex;flex-direction:column;gap:30px;font-size:18px;line-height:1.8;text-align:center;\">\n<p><strong style=\"color:#b30000;\">T\u00e9l\u00e9phone Bureau :<\/strong> +33 2 61 83 00 66<\/p>\n      <p><strong style=\"color:#b30000;\">T\u00e9l\u00e9phone Portable :<\/strong> +66 6 28 90 06 19<\/p>\n      <p><strong style=\"color:#b30000;\">Email :<\/strong> <a href=\"mailto:contact@narlatconsulting.com\" style=\"color:#1c304a;\">contact@narlatconsulting.com<\/a><\/p>\n      <p><strong style=\"color:#b30000;\">Adresse :<\/strong> 2 CHEMIN DE LA FORET, 14190 OUILLY-LE-TESSON, FRANCE<\/p>\n      <p><strong style=\"color:#b30000;\">Adresse :<\/strong> Huay Yai Sub-district, Bang Lamung District, Chon Buri Province, THAILAND<\/p>\n      <p><strong style=\"color:#b30000;\">WhatsApp :<\/strong> <a href=\"https:\/\/wa.me\/33646684672\" style=\"color:#1c304a;\">+66 6 28 90 06 19<\/a><\/p>\n<p><strong style=\"color:#b30000;\">Num\u00e9ro de Siret :<\/strong> 89044713900043<\/p>\n      <p><strong style=\"color:#b30000;\">Num\u00e9ro de TVA :<\/strong> FR35890447139<\/p>\n    <\/div>\n  <\/div>\n<\/section>\n\n\n\n\n<figure class=\"wp-block-image size-full is-resized\"><img loading=\"lazy\" decoding=\"async\" width=\"900\" height=\"900\" src=\"https:\/\/www.narlatconsulting.com\/wp-content\/uploads\/2025\/10\/IMG_5927.jpg\" alt=\"\" class=\"wp-image-720\" style=\"width:190px;height:auto\" srcset=\"https:\/\/www.narlatconsulting.com\/wp-content\/uploads\/2025\/10\/IMG_5927.jpg 900w, https:\/\/www.narlatconsulting.com\/wp-content\/uploads\/2025\/10\/IMG_5927-300x300.jpg 300w, https:\/\/www.narlatconsulting.com\/wp-content\/uploads\/2025\/10\/IMG_5927-150x150.jpg 150w, https:\/\/www.narlatconsulting.com\/wp-content\/uploads\/2025\/10\/IMG_5927-768x768.jpg 768w\" sizes=\"auto, (max-width: 900px) 100vw, 900px\" \/><\/figure>\n\n\n\n<figure class=\"wp-block-image size-full is-resized\"><img loading=\"lazy\" decoding=\"async\" width=\"562\" height=\"560\" src=\"https:\/\/www.narlatconsulting.com\/wp-content\/uploads\/2025\/10\/IMG_6008.jpeg\" alt=\"\" class=\"wp-image-721\" style=\"width:199px;height:auto\" srcset=\"https:\/\/www.narlatconsulting.com\/wp-content\/uploads\/2025\/10\/IMG_6008.jpeg 562w, https:\/\/www.narlatconsulting.com\/wp-content\/uploads\/2025\/10\/IMG_6008-300x300.jpeg 300w, https:\/\/www.narlatconsulting.com\/wp-content\/uploads\/2025\/10\/IMG_6008-150x150.jpeg 150w\" sizes=\"auto, (max-width: 562px) 100vw, 562px\" \/><\/figure>\n","protected":false},"excerpt":{"rendered":"<p>Contactez-nous T\u00e9l\u00e9phone Bureau : +33 2 61 83 00 66 T\u00e9l\u00e9phone Portable : +66 6 28 90 06 19 Email [&hellip;]<\/p>\n","protected":false},"author":1,"featured_media":0,"parent":0,"menu_order":0,"comment_status":"closed","ping_status":"closed","template":"","meta":{"site-sidebar-layout":"default","site-content-layout":"","ast-site-content-layout":"","site-content-style":"default","site-sidebar-style":"default","ast-global-header-display":"","ast-banner-title-visibility":"","ast-main-header-display":"","ast-hfb-above-header-display":"","ast-hfb-below-header-display":"","ast-hfb-mobile-header-display":"","site-post-title":"disabled","ast-breadcrumbs-content":"","ast-featured-img":"","footer-sml-layout":"","theme-transparent-header-meta":"","adv-header-id-meta":"","stick-header-meta":"","header-above-stick-meta":"","header-main-stick-meta":"","header-below-stick-meta":"","astra-migrate-meta-layouts":"default","ast-page-background-enabled":"default","ast-page-background-meta":{"desktop":{"background-color":"var(--ast-global-color-5)","background-image":"","background-repeat":"repeat","background-position":"center center","background-size":"auto","background-attachment":"scroll","background-type":"","background-media":"","overlay-type":"","overlay-color":"","overlay-opacity":"","overlay-gradient":""},"tablet":{"background-color":"","background-image":"","background-repeat":"repeat","background-position":"center center","background-size":"auto","background-attachment":"scroll","background-type":"","background-media":"","overlay-type":"","overlay-color":"","overlay-opacity":"","overlay-gradient":""},"mobile":{"background-color":"","background-image":"","background-repeat":"repeat","background-position":"center center","background-size":"auto","background-attachment":"scroll","background-type":"","background-media":"","overlay-type":"","overlay-color":"","overlay-opacity":"","overlay-gradient":""}},"ast-content-background-meta":{"desktop":{"background-color":"var(--ast-global-color-4)","background-image":"","background-repeat":"repeat","background-position":"center center","background-size":"auto","background-attachment":"scroll","background-type":"","background-media":"","overlay-type":"","overlay-color":"","overlay-opacity":"","overlay-gradient":""},"tablet":{"background-color":"var(--ast-global-color-4)","background-image":"","background-repeat":"repeat","background-position":"center center","background-size":"auto","background-attachment":"scroll","background-type":"","background-media":"","overlay-type":"","overlay-color":"","overlay-opacity":"","overlay-gradient":""},"mobile":{"background-color":"var(--ast-global-color-4)","background-image":"","background-repeat":"repeat","background-position":"center center","background-size":"auto","background-attachment":"scroll","background-type":"","background-media":"","overlay-type":"","overlay-color":"","overlay-opacity":"","overlay-gradient":""}},"footnotes":""},"class_list":["post-336","page","type-page","status-publish","hentry"],"_links":{"self":[{"href":"https:\/\/www.narlatconsulting.com\/index.php\/wp-json\/wp\/v2\/pages\/336","targetHints":{"allow":["GET"]}}],"collection":[{"href":"https:\/\/www.narlatconsulting.com\/index.php\/wp-json\/wp\/v2\/pages"}],"about":[{"href":"https:\/\/www.narlatconsulting.com\/index.php\/wp-json\/wp\/v2\/types\/page"}],"author":[{"embeddable":true,"href":"https:\/\/www.narlatconsulting.com\/index.php\/wp-json\/wp\/v2\/users\/1"}],"replies":[{"embeddable":true,"href":"https:\/\/www.narlatconsulting.com\/index.php\/wp-json\/wp\/v2\/comments?post=336"}],"version-history":[{"count":9,"href":"https:\/\/www.narlatconsulting.com\/index.php\/wp-json\/wp\/v2\/pages\/336\/revisions"}],"predecessor-version":[{"id":726,"href":"https:\/\/www.narlatconsulting.com\/index.php\/wp-json\/wp\/v2\/pages\/336\/revisions\/726"}],"wp:attachment":[{"href":"https:\/\/www.narlatconsulting.com\/index.php\/wp-json\/wp\/v2\/media?parent=336"}],"curies":[{"name":"wp","href":"https:\/\/api.w.org\/{rel}","templated":true}]}}