{"id":393,"date":"2025-07-10T13:08:29","date_gmt":"2025-07-10T11:08:29","guid":{"rendered":"https:\/\/www.narlatconsulting.com\/?page_id=393"},"modified":"2025-07-14T00:09:59","modified_gmt":"2025-07-13T22:09:59","slug":"menu-nos-realisation","status":"publish","type":"page","link":"https:\/\/www.narlatconsulting.com\/index.php\/menu-nos-realisation\/","title":{"rendered":"Nos domaines d\u2019expertise"},"content":{"rendered":"\n<section style=\"position:relative;height:400px;background-image:url('https:\/\/www.narlatconsulting.com\/wp-content\/uploads\/2025\/03\/ChatGPT-Image-27-mars-2025-a-14_33_39.png');background-size:cover;background-position:center;display:flex;align-items:center;justify-content:center;\">\n  <div style=\"background-color:rgba(0,0,0,0.5);padding:40px 20px;text-align:center;color:#fff;width:100%;max-width:900px;\">\n    <h1 style=\"font-size:42px;font-weight:700;margin-bottom:10px;color:#ff4c4c;\">Nos domaines d\u2019expertise <\/h1>\n\n\n\n<\/section>\n\n<!-- Ajoutez un style inline pour d\u00e9caler tout ce qui suit -->\n<div style=\"margin-top: 40px; text-align: center; padding: 40px 0;\">\n  <h2 style=\"color:#b30000; font-size:28px; font-weight:700; margin-bottom:20px;\">\n    Des exp\u00e9riences concr\u00e8tes, des comp\u00e9tences affirm\u00e9es :\n  <\/h2>\n  <!-- \u2026 rest of your bloc de liens \u2026 -->\n<\/div>\n<p style=\"font-size:20px;line-height:1.6;\">\n      D\u00e9couvrez une s\u00e9lection de projets r\u00e9alis\u00e9s par <strong>Narlat Consulting<\/strong> dans des secteurs vari\u00e9s : machines agricoles, lignes de production industrielle, installations agroalimentaires, solutions de transport et bien plus encore.\n    <\/p>\n  <\/div>\n<\/section>\n<div style=\"text-align: center; padding: 40px 0;\">\n  <h2 style=\"color:#b30000; font-size:28px; font-weight:700; margin-bottom:20px;\">D\u00e9couvrez nos domaines d\u2019intervention :<\/h2>\n  \n  <div style=\"display: flex; flex-wrap: wrap; justify-content: center; gap: 20px;\">\n\n    <a href=\"https:\/\/www.narlatconsulting.com\/index.php\/nos-realisations\/\" style=\"text-decoration: none;\">\n      <div style=\"padding: 15px 25px; background-color: #b30000; color: #fff; border-radius: 6px; font-size: 18px; font-weight: 600;\">\n        Machines Agricoles\n      <\/div>\n    <\/a>\n\n    <a href=\"https:\/\/www.narlatconsulting.com\/index.php\/outils-tracteurs-engins\/\" style=\"text-decoration: none;\">\n      <div style=\"padding: 15px 25px; background-color: #b30000; color: #fff; border-radius: 6px; font-size: 18px; font-weight: 600;\">\n       Outils Tracteurs T\u00e9lescopiques Engins\n      <\/div>\n    <\/a>\n\n    <a href=\"https:\/\/www.narlatconsulting.com\/index.php\/machines-industrielles-et-specifiques\/\"style=\"text-decoration: none;\">\n      <div style=\"padding: 15px 25px; background-color: #b30000; color: #fff; border-radius: 6px; font-size: 18px; font-weight: 600;\">\n        Machines Industrielles et Sp\u00e9cifiques\n      <\/div>\n    <\/a>\n\n    <a href=\"https:\/\/www.narlatconsulting.com\/index.php\/installation-de-lignes-usines\/\"style=\"text-decoration: none;\">\n      <div style=\"padding: 15px 25px; background-color: #b30000; color: #fff; border-radius: 6px; font-size: 18px; font-weight: 600;\">\n        Lignes Industrielles &#038; Usines\n       <\/div>\n    <\/a>\n\n    <a href=\"https:\/\/www.narlatconsulting.com\/index.php\/dechets-compostage\/\"style=\"text-decoration: none;\">\n      <div style=\"padding: 15px 25px; background-color: #b30000; color: #fff; border-radius: 6px; font-size: 18px; font-weight: 600;\">\n        D\u00e9chets &#038; Compostage\n<\/div>\n    <\/a>\n\n    <a href=\"https:\/\/www.narlatconsulting.com\/index.php\/automatisation-pesage\/\"style=\"text-decoration: none;\">\n      <div style=\"padding: 15px 25px; background-color: #b30000; color: #fff; border-radius: 6px; font-size: 18px; font-weight: 600;\">\n        Automatisation &#038; Pesage\n<\/div>\n\n\n\n<p><\/p>\n\n\n\n<p><\/p>\n","protected":false},"excerpt":{"rendered":"<p>Nos domaines d\u2019expertise Des exp\u00e9riences concr\u00e8tes, des comp\u00e9tences affirm\u00e9es : D\u00e9couvrez une s\u00e9lection de projets r\u00e9alis\u00e9s par Narlat Consulting dans [&hellip;]<\/p>\n","protected":false},"author":1,"featured_media":0,"parent":0,"menu_order":0,"comment_status":"closed","ping_status":"closed","template":"","meta":{"site-sidebar-layout":"default","site-content-layout":"","ast-site-content-layout":"","site-content-style":"default","site-sidebar-style":"default","ast-global-header-display":"","ast-banner-title-visibility":"","ast-main-header-display":"","ast-hfb-above-header-display":"","ast-hfb-below-header-display":"","ast-hfb-mobile-header-display":"","site-post-title":"disabled","ast-breadcrumbs-content":"","ast-featured-img":"","footer-sml-layout":"","theme-transparent-header-meta":"","adv-header-id-meta":"","stick-header-meta":"","header-above-stick-meta":"","header-main-stick-meta":"","header-below-stick-meta":"","astra-migrate-meta-layouts":"default","ast-page-background-enabled":"default","ast-page-background-meta":{"desktop":{"background-color":"var(--ast-global-color-5)","background-image":"","background-repeat":"repeat","background-position":"center center","background-size":"auto","background-attachment":"scroll","background-type":"","background-media":"","overlay-type":"","overlay-color":"","overlay-opacity":"","overlay-gradient":""},"tablet":{"background-color":"","background-image":"","background-repeat":"repeat","background-position":"center center","background-size":"auto","background-attachment":"scroll","background-type":"","background-media":"","overlay-type":"","overlay-color":"","overlay-opacity":"","overlay-gradient":""},"mobile":{"background-color":"","background-image":"","background-repeat":"repeat","background-position":"center center","background-size":"auto","background-attachment":"scroll","background-type":"","background-media":"","overlay-type":"","overlay-color":"","overlay-opacity":"","overlay-gradient":""}},"ast-content-background-meta":{"desktop":{"background-color":"var(--ast-global-color-4)","background-image":"","background-repeat":"repeat","background-position":"center center","background-size":"auto","background-attachment":"scroll","background-type":"","background-media":"","overlay-type":"","overlay-color":"","overlay-opacity":"","overlay-gradient":""},"tablet":{"background-color":"var(--ast-global-color-4)","background-image":"","background-repeat":"repeat","background-position":"center center","background-size":"auto","background-attachment":"scroll","background-type":"","background-media":"","overlay-type":"","overlay-color":"","overlay-opacity":"","overlay-gradient":""},"mobile":{"background-color":"var(--ast-global-color-4)","background-image":"","background-repeat":"repeat","background-position":"center center","background-size":"auto","background-attachment":"scroll","background-type":"","background-media":"","overlay-type":"","overlay-color":"","overlay-opacity":"","overlay-gradient":""}},"footnotes":""},"class_list":["post-393","page","type-page","status-publish","hentry"],"_links":{"self":[{"href":"https:\/\/www.narlatconsulting.com\/index.php\/wp-json\/wp\/v2\/pages\/393","targetHints":{"allow":["GET"]}}],"collection":[{"href":"https:\/\/www.narlatconsulting.com\/index.php\/wp-json\/wp\/v2\/pages"}],"about":[{"href":"https:\/\/www.narlatconsulting.com\/index.php\/wp-json\/wp\/v2\/types\/page"}],"author":[{"embeddable":true,"href":"https:\/\/www.narlatconsulting.com\/index.php\/wp-json\/wp\/v2\/users\/1"}],"replies":[{"embeddable":true,"href":"https:\/\/www.narlatconsulting.com\/index.php\/wp-json\/wp\/v2\/comments?post=393"}],"version-history":[{"count":23,"href":"https:\/\/www.narlatconsulting.com\/index.php\/wp-json\/wp\/v2\/pages\/393\/revisions"}],"predecessor-version":[{"id":709,"href":"https:\/\/www.narlatconsulting.com\/index.php\/wp-json\/wp\/v2\/pages\/393\/revisions\/709"}],"wp:attachment":[{"href":"https:\/\/www.narlatconsulting.com\/index.php\/wp-json\/wp\/v2\/media?parent=393"}],"curies":[{"name":"wp","href":"https:\/\/api.w.org\/{rel}","templated":true}]}}